{"id":708,"date":"2020-05-25T21:48:33","date_gmt":"2020-05-26T02:48:33","guid":{"rendered":"http:\/\/comisariatolahabana.com\/?page_id=708"},"modified":"2024-10-15T02:30:13","modified_gmt":"2024-10-15T07:30:13","slug":"quienes-somos","status":"publish","type":"page","link":"https:\/\/comisariato.lahabana.ec\/index.php\/quienes-somos\/","title":{"rendered":"\u00bfQuienes Somos ?"},"content":{"rendered":"\t\t<div data-elementor-type=\"wp-page\" data-elementor-id=\"708\" class=\"elementor elementor-708\" data-elementor-settings=\"[]\">\n\t\t\t<div class=\"elementor-inner\">\n\t\t\t\t<div class=\"elementor-section-wrap\">\n\t\t\t\t\t\t\t<section class=\"elementor-element elementor-element-2cb5d674 elementor-section-boxed elementor-section-height-default elementor-section-height-default elementor-section elementor-top-section\" data-id=\"2cb5d674\" data-element_type=\"section\">\n\t\t\t\t\t\t<div class=\"elementor-container elementor-column-gap-default\">\n\t\t\t\t<div class=\"elementor-row\">\n\t\t\t\t<div class=\"elementor-element elementor-element-268d00b elementor-column elementor-col-100 elementor-top-column\" data-id=\"268d00b\" data-element_type=\"column\">\n\t\t\t<div class=\"elementor-column-wrap  elementor-element-populated\">\n\t\t\t\t\t<div class=\"elementor-widget-wrap\">\n\t\t\t\t<div class=\"elementor-element elementor-element-3501143 elementor-widget elementor-widget-image\" data-id=\"3501143\" data-element_type=\"widget\" data-widget_type=\"image.default\">\n\t\t\t\t<div class=\"elementor-widget-container\">\n\t\t\t\t\t<div class=\"elementor-image\">\n\t\t\t\t\t\t\t\t\t\t<img loading=\"lazy\" decoding=\"async\" width=\"300\" height=\"88\" src=\"https:\/\/comisariato.lahabana.ec\/wp-content\/uploads\/2020\/05\/carritos-de-compras-supermercados-brazos-300x88.jpg\" class=\"attachment-medium size-medium\" alt=\"\" srcset=\"https:\/\/comisariato.lahabana.ec\/wp-content\/uploads\/2020\/05\/carritos-de-compras-supermercados-brazos-300x88.jpg 300w, https:\/\/comisariato.lahabana.ec\/wp-content\/uploads\/2020\/05\/carritos-de-compras-supermercados-brazos-768x225.jpg 768w, https:\/\/comisariato.lahabana.ec\/wp-content\/uploads\/2020\/05\/carritos-de-compras-supermercados-brazos-600x176.jpg 600w, https:\/\/comisariato.lahabana.ec\/wp-content\/uploads\/2020\/05\/carritos-de-compras-supermercados-brazos.jpg 1024w\" sizes=\"auto, (max-width: 300px) 100vw, 300px\" \/>\t\t\t\t\t\t\t\t\t\t\t<\/div>\n\t\t\t\t<\/div>\n\t\t\t\t<\/div>\n\t\t\t\t<div class=\"elementor-element elementor-element-e5da834 elementor-widget elementor-widget-text-editor\" data-id=\"e5da834\" data-element_type=\"widget\" data-widget_type=\"text-editor.default\">\n\t\t\t\t<div class=\"elementor-widget-container\">\n\t\t\t\t\t<div class=\"elementor-text-editor elementor-clearfix\"><p>El equipo de Comisariato La Habana te da la bienvenida,<br \/>La Compa\u00f1\u00eda BLACIO &amp; AGUILAR LTDA nace en mayo del 2001 gracias al firme compromiso de sus socios en brindar productos y servicios de calidad a sus clientes. En Comisariato La Habana somos un equipo que trabaja para darles los mejores beneficios a todas las familias que forman parte de nosotros desde hace 9 a\u00f1os. como parte de los planes de expansi\u00f3n de la empresa ponemos a su disposici\u00f3n nuestra Tienda Online para agregar valor a nuestra marca comercial, pensando en el confort que representa para nuestros clientes efectuar sus compras en l\u00ednea desde la comodidad de su hogar o negocio. As\u00ed como el ahorro de tiempo valioso que en ocasiones se emplea en tr\u00e1fico, parqueo, caminata, b\u00fasqueda de productos y filas interminables.<br \/>Por eso decidimos crear Comisariato La Habana Online con entrega directa al hogar; algo que nos llena de orgullo y nos motiva a seguir sirviendo cada vez mejor a quienes conf\u00edan en nuestro servicio.<\/p><\/div>\n\t\t\t\t<\/div>\n\t\t\t\t<\/div>\n\t\t\t\t\t\t<\/div>\n\t\t\t<\/div>\n\t\t<\/div>\n\t\t\t\t\t\t<\/div>\n\t\t\t<\/div>\n\t\t<\/section>\n\t\t\t\t\t\t<\/div>\n\t\t\t<\/div>\n\t\t<\/div>\n\t\t","protected":false},"excerpt":{"rendered":"<p>El equipo de Comisariato La Habana te da la bienvenida, La Compa\u00f1\u00eda BLACIO &amp; AGUILAR LTDA nace en mayo del 2001 gracias al firme compromiso de sus socios en brindar<\/p>\n","protected":false},"author":1,"featured_media":0,"parent":0,"menu_order":0,"comment_status":"closed","ping_status":"closed","template":"","meta":{"footnotes":""},"class_list":{"1":"page","2":"type-page","3":"status-publish","4":"hentry"},"_links":{"self":[{"href":"https:\/\/comisariato.lahabana.ec\/index.php\/wp-json\/wp\/v2\/pages\/708","targetHints":{"allow":["GET"]}}],"collection":[{"href":"https:\/\/comisariato.lahabana.ec\/index.php\/wp-json\/wp\/v2\/pages"}],"about":[{"href":"https:\/\/comisariato.lahabana.ec\/index.php\/wp-json\/wp\/v2\/types\/page"}],"author":[{"embeddable":true,"href":"https:\/\/comisariato.lahabana.ec\/index.php\/wp-json\/wp\/v2\/users\/1"}],"replies":[{"embeddable":true,"href":"https:\/\/comisariato.lahabana.ec\/index.php\/wp-json\/wp\/v2\/comments?post=708"}],"version-history":[{"count":25,"href":"https:\/\/comisariato.lahabana.ec\/index.php\/wp-json\/wp\/v2\/pages\/708\/revisions"}],"predecessor-version":[{"id":1613,"href":"https:\/\/comisariato.lahabana.ec\/index.php\/wp-json\/wp\/v2\/pages\/708\/revisions\/1613"}],"wp:attachment":[{"href":"https:\/\/comisariato.lahabana.ec\/index.php\/wp-json\/wp\/v2\/media?parent=708"}],"curies":[{"name":"wp","href":"https:\/\/api.w.org\/{rel}","templated":true}]}}